{"id":203,"date":"2024-01-18T17:35:03","date_gmt":"2024-01-18T20:35:03","guid":{"rendered":"https:\/\/paraeventos.com.ar\/?page_id=203"},"modified":"2025-12-30T22:13:41","modified_gmt":"2025-12-31T01:13:41","slug":"inflables","status":"publish","type":"page","link":"https:\/\/paraeventos.com.ar\/index.php\/inflables\/","title":{"rendered":"Inflables"},"content":{"rendered":"\t\t<div data-elementor-type=\"wp-page\" data-elementor-id=\"203\" class=\"elementor elementor-203\" data-elementor-post-type=\"page\">\n\t\t\t\t<div class=\"elementor-element elementor-element-4b837fe e-flex e-con-boxed elementor-invisible e-con e-parent\" data-id=\"4b837fe\" data-element_type=\"container\" data-e-type=\"container\" data-settings=\"{&quot;animation&quot;:&quot;fadeInUp&quot;,&quot;animation_delay&quot;:100}\">\n\t\t\t\t\t<div class=\"e-con-inner\">\n\t\t<div class=\"elementor-element elementor-element-fe17280 e-con-full e-flex e-con e-child\" data-id=\"fe17280\" data-element_type=\"container\" data-e-type=\"container\">\n\t\t\t\t<div class=\"elementor-element elementor-element-3fbba7a elementor-widget elementor-widget-video\" data-id=\"3fbba7a\" data-element_type=\"widget\" data-e-type=\"widget\" data-settings=\"{&quot;video_type&quot;:&quot;hosted&quot;,&quot;autoplay&quot;:&quot;yes&quot;,&quot;mute&quot;:&quot;yes&quot;,&quot;controls&quot;:&quot;yes&quot;}\" data-widget_type=\"video.default\">\n\t\t\t\t<div class=\"elementor-widget-container\">\n\t\t\t\t\t\t\t<div class=\"e-hosted-video elementor-wrapper elementor-open-inline\">\n\t\t\t\t\t<video class=\"elementor-video\" src=\"https:\/\/paraeventos.com.ar\/wp-content\/uploads\/2024\/01\/WhatsApp-Video-2024-01-17-at-20.03.08.mp4\" autoplay=\"\" controls=\"\" muted=\"muted\" controlsList=\"nodownload\"><\/video>\n\t\t\t\t<\/div>\n\t\t\t\t\t\t<\/div>\n\t\t\t\t<\/div>\n\t\t\t\t<\/div>\n\t\t<div class=\"elementor-element elementor-element-c923e2a e-con-full e-flex e-con e-child\" data-id=\"c923e2a\" data-element_type=\"container\" data-e-type=\"container\">\n\t\t\t\t<div class=\"elementor-element elementor-element-2b6cbff elementor-position-top elementor-widget elementor-widget-image-box\" data-id=\"2b6cbff\" data-element_type=\"widget\" data-e-type=\"widget\" data-widget_type=\"image-box.default\">\n\t\t\t\t<div class=\"elementor-widget-container\">\n\t\t\t\t\t<div class=\"elementor-image-box-wrapper\"><figure class=\"elementor-image-box-img\"><img decoding=\"async\" src=\"https:\/\/paraeventos.com.ar\/wp-content\/uploads\/2024\/06\/878bc734-5be0-418a-83e4-2868bb58e77d.jpeg\" title=\"878bc734-5be0-418a-83e4-2868bb58e77d\" alt=\"878bc734-5be0-418a-83e4-2868bb58e77d\" loading=\"lazy\" \/><\/figure><div class=\"elementor-image-box-content\"><h3 class=\"elementor-image-box-title\">Burbuja <\/h3><p class=\"elementor-image-box-description\">Un estilo diferente. Su dise\u00f1o brinda un estilo \u00fanico en tu evento.<br>\n\n-Globos que circulan vuelan en tu cumple<br>-Capacidad 5 ni\u00f1os<br>-Medidas 3x3 <\/p><\/div><\/div>\t\t\t\t<\/div>\n\t\t\t\t<\/div>\n\t\t\t\t<\/div>\n\t\t\t\t\t<\/div>\n\t\t\t\t<\/div>\n\t\t<div class=\"elementor-element elementor-element-7a9cf64 e-con-full e-flex elementor-invisible e-con e-parent\" data-id=\"7a9cf64\" data-element_type=\"container\" data-e-type=\"container\" data-settings=\"{&quot;animation&quot;:&quot;fadeInUp&quot;,&quot;animation_delay&quot;:100}\">\n\t\t<div class=\"elementor-element elementor-element-45b70f7 e-con-full e-flex e-con e-child\" data-id=\"45b70f7\" data-element_type=\"container\" data-e-type=\"container\">\n\t\t\t\t<div class=\"elementor-element elementor-element-8c2bebf elementor-widget__width-initial elementor-position-top elementor-widget elementor-widget-image-box\" data-id=\"8c2bebf\" data-element_type=\"widget\" data-e-type=\"widget\" data-widget_type=\"image-box.default\">\n\t\t\t\t<div class=\"elementor-widget-container\">\n\t\t\t\t\t<div class=\"elementor-image-box-wrapper\"><figure class=\"elementor-image-box-img\"><img decoding=\"async\" src=\"https:\/\/paraeventos.com.ar\/wp-content\/uploads\/2025\/12\/20251205_155325-scaled.jpg\" title=\"20251205_155325\" alt=\"20251205_155325\" loading=\"lazy\" \/><\/figure><div class=\"elementor-image-box-content\"><h3 class=\"elementor-image-box-title\">Isla inflable<\/h3><p class=\"elementor-image-box-description\">Su dise\u00f1o es exclusivo de paraeventos resalta su elegancia y pureza en tu evento.<br>\n-Capacidad para 8 ni\u00f1os <br>-Medidas 5x4\n<\/p><\/div><\/div>\t\t\t\t<\/div>\n\t\t\t\t<\/div>\n\t\t\t\t<\/div>\n\t\t<div class=\"elementor-element elementor-element-e45753f e-con-full e-flex e-con e-child\" data-id=\"e45753f\" data-element_type=\"container\" data-e-type=\"container\">\n\t\t\t\t<div class=\"elementor-element elementor-element-e93bd21 elementor-widget__width-initial elementor-widget elementor-widget-image\" data-id=\"e93bd21\" data-element_type=\"widget\" data-e-type=\"widget\" data-widget_type=\"image.default\">\n\t\t\t\t<div class=\"elementor-widget-container\">\n\t\t\t\t\t\t\t\t\t\t\t\t\t\t\t<img fetchpriority=\"high\" decoding=\"async\" width=\"577\" height=\"1024\" src=\"https:\/\/paraeventos.com.ar\/wp-content\/uploads\/2025\/12\/20251205_162734-577x1024.jpg\" class=\"attachment-large size-large wp-image-1039\" alt=\"\" srcset=\"https:\/\/paraeventos.com.ar\/wp-content\/uploads\/2025\/12\/20251205_162734-577x1024.jpg 577w, https:\/\/paraeventos.com.ar\/wp-content\/uploads\/2025\/12\/20251205_162734-169x300.jpg 169w, https:\/\/paraeventos.com.ar\/wp-content\/uploads\/2025\/12\/20251205_162734-768x1364.jpg 768w, https:\/\/paraeventos.com.ar\/wp-content\/uploads\/2025\/12\/20251205_162734-865x1536.jpg 865w, https:\/\/paraeventos.com.ar\/wp-content\/uploads\/2025\/12\/20251205_162734-1153x2048.jpg 1153w, https:\/\/paraeventos.com.ar\/wp-content\/uploads\/2025\/12\/20251205_162734-scaled.jpg 1442w\" sizes=\"(max-width: 577px) 100vw, 577px\" \/>\t\t\t\t\t\t\t\t\t\t\t\t\t\t\t<\/div>\n\t\t\t\t<\/div>\n\t\t\t\t<\/div>\n\t\t\t\t<\/div>\n\t\t<div class=\"elementor-element elementor-element-77860d7 e-flex e-con-boxed elementor-invisible e-con e-parent\" data-id=\"77860d7\" data-element_type=\"container\" data-e-type=\"container\" data-settings=\"{&quot;animation&quot;:&quot;fadeInUp&quot;,&quot;animation_delay&quot;:100}\">\n\t\t\t\t\t<div class=\"e-con-inner\">\n\t\t<div class=\"elementor-element elementor-element-66b5855 e-con-full e-flex e-con e-child\" data-id=\"66b5855\" data-element_type=\"container\" data-e-type=\"container\">\n\t\t\t\t<div class=\"elementor-element elementor-element-0734d39 elementor-widget__width-initial elementor-widget elementor-widget-image\" data-id=\"0734d39\" data-element_type=\"widget\" data-e-type=\"widget\" data-widget_type=\"image.default\">\n\t\t\t\t<div class=\"elementor-widget-container\">\n\t\t\t\t\t\t\t\t\t\t\t\t\t\t\t<img decoding=\"async\" width=\"768\" height=\"760\" src=\"https:\/\/paraeventos.com.ar\/wp-content\/uploads\/2024\/04\/c93bbc4c-655c-453b-8537-b3801b0340c9-768x760.jpeg\" class=\"attachment-medium_large size-medium_large wp-image-676\" alt=\"\" srcset=\"https:\/\/paraeventos.com.ar\/wp-content\/uploads\/2024\/04\/c93bbc4c-655c-453b-8537-b3801b0340c9-768x760.jpeg 768w, https:\/\/paraeventos.com.ar\/wp-content\/uploads\/2024\/04\/c93bbc4c-655c-453b-8537-b3801b0340c9-300x297.jpeg 300w, https:\/\/paraeventos.com.ar\/wp-content\/uploads\/2024\/04\/c93bbc4c-655c-453b-8537-b3801b0340c9.jpeg 997w\" sizes=\"(max-width: 768px) 100vw, 768px\" \/>\t\t\t\t\t\t\t\t\t\t\t\t\t\t\t<\/div>\n\t\t\t\t<\/div>\n\t\t\t\t<\/div>\n\t\t<div class=\"elementor-element elementor-element-f7842c2 e-con-full e-flex e-con e-child\" data-id=\"f7842c2\" data-element_type=\"container\" data-e-type=\"container\">\n\t\t\t\t<div class=\"elementor-element elementor-element-15871da elementor-position-top elementor-widget elementor-widget-image-box\" data-id=\"15871da\" data-element_type=\"widget\" data-e-type=\"widget\" data-widget_type=\"image-box.default\">\n\t\t\t\t<div class=\"elementor-widget-container\">\n\t\t\t\t\t<div class=\"elementor-image-box-wrapper\"><figure class=\"elementor-image-box-img\"><img decoding=\"async\" src=\"https:\/\/paraeventos.com.ar\/wp-content\/uploads\/2024\/06\/b1ecbf10-1fb3-40e8-8931-7f83d6657542.jpeg\" title=\"b1ecbf10-1fb3-40e8-8931-7f83d6657542\" alt=\"b1ecbf10-1fb3-40e8-8931-7f83d6657542\" loading=\"lazy\" \/><\/figure><div class=\"elementor-image-box-content\"><h3 class=\"elementor-image-box-title\">Castillo cielo<\/h3><p class=\"elementor-image-box-description\">Castillo 3 en 1 saltan, trepan y se tiran al pelotero. Pura diversi\u00f3n <br>\n-Capacidad 10 ni\u00f1os <br>- Medidas 4x4,5 siempre tener mas de ese espacio libre<br><\/p><\/div><\/div>\t\t\t\t<\/div>\n\t\t\t\t<\/div>\n\t\t\t\t<\/div>\n\t\t\t\t\t<\/div>\n\t\t\t\t<\/div>\n\t\t<div class=\"elementor-element elementor-element-26f90aa e-flex e-con-boxed e-con e-parent\" data-id=\"26f90aa\" data-element_type=\"container\" data-e-type=\"container\">\n\t\t\t\t\t<div class=\"e-con-inner\">\n\t\t<div class=\"elementor-element elementor-element-ee30602 e-con-full e-flex elementor-invisible e-con e-child\" data-id=\"ee30602\" data-element_type=\"container\" data-e-type=\"container\" data-settings=\"{&quot;animation&quot;:&quot;fadeInUp&quot;,&quot;animation_delay&quot;:100}\">\n\t\t<div class=\"elementor-element elementor-element-2177a42 e-con-full e-flex e-con e-child\" data-id=\"2177a42\" data-element_type=\"container\" data-e-type=\"container\">\n\t\t\t\t<div class=\"elementor-element elementor-element-b9afb4e elementor-widget__width-initial elementor-widget elementor-widget-image-box\" data-id=\"b9afb4e\" data-element_type=\"widget\" data-e-type=\"widget\" data-widget_type=\"image-box.default\">\n\t\t\t\t<div class=\"elementor-widget-container\">\n\t\t\t\t\t<div class=\"elementor-image-box-wrapper\"><div class=\"elementor-image-box-content\"><h3 class=\"elementor-image-box-title\">Castillo gigante<\/h3><p class=\"elementor-image-box-description\">Su dise\u00f1o exclusivo con color blanco resalta su elegancia y pureza en tu evento.\n<br>\n-Capacidad para 8 ni\u00f1os <br>-Medidas 4x4 siempre tener un poco mas de espacio\n<\/p><\/div><\/div>\t\t\t\t<\/div>\n\t\t\t\t<\/div>\n\t\t\t\t<\/div>\n\t\t<div class=\"elementor-element elementor-element-2b25476 e-con-full e-flex e-con e-child\" data-id=\"2b25476\" data-element_type=\"container\" data-e-type=\"container\">\n\t\t\t\t<div class=\"elementor-element elementor-element-60992fe elementor-widget elementor-widget-image\" data-id=\"60992fe\" data-element_type=\"widget\" data-e-type=\"widget\" data-widget_type=\"image.default\">\n\t\t\t\t<div class=\"elementor-widget-container\">\n\t\t\t\t\t\t\t\t\t\t\t\t\t\t\t<img decoding=\"async\" width=\"640\" height=\"640\" src=\"https:\/\/paraeventos.com.ar\/wp-content\/uploads\/2024\/01\/WhatsApp-Image-2024-01-18-at-18.26.25.jpeg\" class=\"attachment-large size-large wp-image-237\" alt=\"\" srcset=\"https:\/\/paraeventos.com.ar\/wp-content\/uploads\/2024\/01\/WhatsApp-Image-2024-01-18-at-18.26.25.jpeg 640w, https:\/\/paraeventos.com.ar\/wp-content\/uploads\/2024\/01\/WhatsApp-Image-2024-01-18-at-18.26.25-300x300.jpeg 300w, https:\/\/paraeventos.com.ar\/wp-content\/uploads\/2024\/01\/WhatsApp-Image-2024-01-18-at-18.26.25-150x150.jpeg 150w, https:\/\/paraeventos.com.ar\/wp-content\/uploads\/2024\/01\/WhatsApp-Image-2024-01-18-at-18.26.25-600x600.jpeg 600w, https:\/\/paraeventos.com.ar\/wp-content\/uploads\/2024\/01\/WhatsApp-Image-2024-01-18-at-18.26.25-100x100.jpeg 100w\" sizes=\"(max-width: 640px) 100vw, 640px\" \/>\t\t\t\t\t\t\t\t\t\t\t\t\t\t\t<\/div>\n\t\t\t\t<\/div>\n\t\t\t\t<\/div>\n\t\t\t\t<\/div>\n\t\t\t\t\t<\/div>\n\t\t\t\t<\/div>\n\t\t<div class=\"elementor-element elementor-element-13a6402 e-flex e-con-boxed e-con e-parent\" data-id=\"13a6402\" data-element_type=\"container\" data-e-type=\"container\">\n\t\t\t\t\t<div class=\"e-con-inner\">\n\t\t<div class=\"elementor-element elementor-element-e3ce71c e-con-full e-flex elementor-invisible e-con e-child\" data-id=\"e3ce71c\" data-element_type=\"container\" data-e-type=\"container\" data-settings=\"{&quot;animation&quot;:&quot;fadeInUp&quot;,&quot;animation_delay&quot;:100}\">\n\t\t<div class=\"elementor-element elementor-element-87a042e e-con-full e-flex e-con e-child\" data-id=\"87a042e\" data-element_type=\"container\" data-e-type=\"container\">\n\t\t\t\t<div class=\"elementor-element elementor-element-0df832d elementor-widget__width-initial elementor-widget elementor-widget-image-box\" data-id=\"0df832d\" data-element_type=\"widget\" data-e-type=\"widget\" data-widget_type=\"image-box.default\">\n\t\t\t\t<div class=\"elementor-widget-container\">\n\t\t\t\t\t<div class=\"elementor-image-box-wrapper\"><div class=\"elementor-image-box-content\"><h3 class=\"elementor-image-box-title\">Castillo peque\u00f1o<\/h3><p class=\"elementor-image-box-description\">Castillo para los mas chiquitos <br>-Edad recomendada 2 a\u00f1os en adelante<br>-Capacidad 4 ni\u00f1os <br>-Medidas 2,5x 2,5\n<\/p><\/div><\/div>\t\t\t\t<\/div>\n\t\t\t\t<\/div>\n\t\t\t\t<\/div>\n\t\t<div class=\"elementor-element elementor-element-223d0f5 e-con-full e-flex e-con e-child\" data-id=\"223d0f5\" data-element_type=\"container\" data-e-type=\"container\">\n\t\t\t\t<div class=\"elementor-element elementor-element-0011185 elementor-widget elementor-widget-image\" data-id=\"0011185\" data-element_type=\"widget\" data-e-type=\"widget\" data-widget_type=\"image.default\">\n\t\t\t\t<div class=\"elementor-widget-container\">\n\t\t\t\t\t\t\t\t\t\t\t\t\t\t\t<img loading=\"lazy\" decoding=\"async\" width=\"576\" height=\"1024\" src=\"https:\/\/paraeventos.com.ar\/wp-content\/uploads\/2025\/04\/ee92010d-cd0f-4c38-a273-bbec96d7063a-576x1024.jpeg\" class=\"attachment-large size-large wp-image-841\" alt=\"\" srcset=\"https:\/\/paraeventos.com.ar\/wp-content\/uploads\/2025\/04\/ee92010d-cd0f-4c38-a273-bbec96d7063a-576x1024.jpeg 576w, https:\/\/paraeventos.com.ar\/wp-content\/uploads\/2025\/04\/ee92010d-cd0f-4c38-a273-bbec96d7063a-169x300.jpeg 169w, https:\/\/paraeventos.com.ar\/wp-content\/uploads\/2025\/04\/ee92010d-cd0f-4c38-a273-bbec96d7063a-768x1365.jpeg 768w, https:\/\/paraeventos.com.ar\/wp-content\/uploads\/2025\/04\/ee92010d-cd0f-4c38-a273-bbec96d7063a-864x1536.jpeg 864w, https:\/\/paraeventos.com.ar\/wp-content\/uploads\/2025\/04\/ee92010d-cd0f-4c38-a273-bbec96d7063a.jpeg 900w\" sizes=\"(max-width: 576px) 100vw, 576px\" \/>\t\t\t\t\t\t\t\t\t\t\t\t\t\t\t<\/div>\n\t\t\t\t<\/div>\n\t\t\t\t<\/div>\n\t\t\t\t<\/div>\n\t\t\t\t\t<\/div>\n\t\t\t\t<\/div>\n\t\t<div class=\"elementor-element elementor-element-66968bb e-flex e-con-boxed e-con e-parent\" data-id=\"66968bb\" data-element_type=\"container\" data-e-type=\"container\">\n\t\t\t\t\t<div class=\"e-con-inner\">\n\t\t<div class=\"elementor-element elementor-element-d4a60c1 e-con-full e-flex elementor-invisible e-con e-child\" data-id=\"d4a60c1\" data-element_type=\"container\" data-e-type=\"container\" data-settings=\"{&quot;animation&quot;:&quot;fadeInUp&quot;,&quot;animation_delay&quot;:100}\">\n\t\t<div class=\"elementor-element elementor-element-2ec1593 e-con-full e-flex e-con e-child\" data-id=\"2ec1593\" data-element_type=\"container\" data-e-type=\"container\">\n\t\t\t\t<div class=\"elementor-element elementor-element-eeef822 elementor-widget__width-initial elementor-widget elementor-widget-image-box\" data-id=\"eeef822\" data-element_type=\"widget\" data-e-type=\"widget\" data-widget_type=\"image-box.default\">\n\t\t\t\t<div class=\"elementor-widget-container\">\n\t\t\t\t\t<div class=\"elementor-image-box-wrapper\"><div class=\"elementor-image-box-content\"><h3 class=\"elementor-image-box-title\">Castillo Pink<\/h3><p class=\"elementor-image-box-description\">Su dise\u00f1o exclusivo para tu ni\u00f1a un rosa hermoso que le encantar\u00e1<br>-Capacidad 6 ni\u00f1os<br>-Medidas 3x3 <\/p><\/div><\/div>\t\t\t\t<\/div>\n\t\t\t\t<\/div>\n\t\t\t\t<\/div>\n\t\t<div class=\"elementor-element elementor-element-3be329f e-con-full e-flex e-con e-child\" data-id=\"3be329f\" data-element_type=\"container\" data-e-type=\"container\">\n\t\t\t\t<div class=\"elementor-element elementor-element-5dce091 elementor-widget elementor-widget-image\" data-id=\"5dce091\" data-element_type=\"widget\" data-e-type=\"widget\" data-widget_type=\"image.default\">\n\t\t\t\t<div class=\"elementor-widget-container\">\n\t\t\t\t\t\t\t\t\t\t\t\t\t\t\t<img loading=\"lazy\" decoding=\"async\" width=\"831\" height=\"617\" src=\"https:\/\/paraeventos.com.ar\/wp-content\/uploads\/2024\/03\/20240307_214910.jpg\" class=\"attachment-large size-large wp-image-528\" alt=\"\" srcset=\"https:\/\/paraeventos.com.ar\/wp-content\/uploads\/2024\/03\/20240307_214910.jpg 831w, https:\/\/paraeventos.com.ar\/wp-content\/uploads\/2024\/03\/20240307_214910-300x223.jpg 300w, https:\/\/paraeventos.com.ar\/wp-content\/uploads\/2024\/03\/20240307_214910-768x570.jpg 768w\" sizes=\"(max-width: 831px) 100vw, 831px\" \/>\t\t\t\t\t\t\t\t\t\t\t\t\t\t\t<\/div>\n\t\t\t\t<\/div>\n\t\t\t\t<\/div>\n\t\t\t\t<\/div>\n\t\t\t\t\t<\/div>\n\t\t\t\t<\/div>\n\t\t<div class=\"elementor-element elementor-element-789aa36 e-flex e-con-boxed e-con e-parent\" data-id=\"789aa36\" data-element_type=\"container\" data-e-type=\"container\">\n\t\t\t\t\t<div class=\"e-con-inner\">\n\t\t<div class=\"elementor-element elementor-element-0124b80 e-con-full e-flex elementor-invisible e-con e-child\" data-id=\"0124b80\" data-element_type=\"container\" data-e-type=\"container\" data-settings=\"{&quot;animation&quot;:&quot;fadeInUp&quot;,&quot;animation_delay&quot;:100}\">\n\t\t<div class=\"elementor-element elementor-element-16c0ced e-con-full e-flex e-con e-child\" data-id=\"16c0ced\" data-element_type=\"container\" data-e-type=\"container\">\n\t\t\t\t<div class=\"elementor-element elementor-element-1fed5c1 elementor-widget__width-initial elementor-widget elementor-widget-image-box\" data-id=\"1fed5c1\" data-element_type=\"widget\" data-e-type=\"widget\" data-widget_type=\"image-box.default\">\n\t\t\t\t<div class=\"elementor-widget-container\">\n\t\t\t\t\t<div class=\"elementor-image-box-wrapper\"><div class=\"elementor-image-box-content\"><h3 class=\"elementor-image-box-title\">Castillo beige <\/h3><p class=\"elementor-image-box-description\">Te invitamos a un color nuevo exclusivo, Ideal con decoraciones de granja o plazas blandas<br>-Capacidad 6 ni\u00f1os <br>Medidas 3x3<br><\/p><\/div><\/div>\t\t\t\t<\/div>\n\t\t\t\t<\/div>\n\t\t\t\t<\/div>\n\t\t<div class=\"elementor-element elementor-element-3515227 e-con-full e-flex e-con e-child\" data-id=\"3515227\" data-element_type=\"container\" data-e-type=\"container\">\n\t\t\t\t<div class=\"elementor-element elementor-element-29421c0 elementor-widget elementor-widget-image\" data-id=\"29421c0\" data-element_type=\"widget\" data-e-type=\"widget\" data-widget_type=\"image.default\">\n\t\t\t\t<div class=\"elementor-widget-container\">\n\t\t\t\t\t\t\t\t\t\t\t\t\t\t\t<img loading=\"lazy\" decoding=\"async\" width=\"1024\" height=\"577\" src=\"https:\/\/paraeventos.com.ar\/wp-content\/uploads\/2025\/04\/1d53829c-36d0-4476-8189-745b1c767c28-1024x577.jpeg\" class=\"attachment-large size-large wp-image-839\" alt=\"\" srcset=\"https:\/\/paraeventos.com.ar\/wp-content\/uploads\/2025\/04\/1d53829c-36d0-4476-8189-745b1c767c28-1024x577.jpeg 1024w, https:\/\/paraeventos.com.ar\/wp-content\/uploads\/2025\/04\/1d53829c-36d0-4476-8189-745b1c767c28-300x169.jpeg 300w, https:\/\/paraeventos.com.ar\/wp-content\/uploads\/2025\/04\/1d53829c-36d0-4476-8189-745b1c767c28-768x432.jpeg 768w, https:\/\/paraeventos.com.ar\/wp-content\/uploads\/2025\/04\/1d53829c-36d0-4476-8189-745b1c767c28-1536x865.jpeg 1536w, https:\/\/paraeventos.com.ar\/wp-content\/uploads\/2025\/04\/1d53829c-36d0-4476-8189-745b1c767c28.jpeg 1600w\" sizes=\"(max-width: 1024px) 100vw, 1024px\" \/>\t\t\t\t\t\t\t\t\t\t\t\t\t\t\t<\/div>\n\t\t\t\t<\/div>\n\t\t\t\t<\/div>\n\t\t\t\t<\/div>\n\t\t\t\t\t<\/div>\n\t\t\t\t<\/div>\n\t\t<div class=\"elementor-element elementor-element-1f97df0 e-flex e-con-boxed e-con e-parent\" data-id=\"1f97df0\" data-element_type=\"container\" data-e-type=\"container\">\n\t\t\t\t\t<div class=\"e-con-inner\">\n\t\t<div class=\"elementor-element elementor-element-0f7b069 e-con-full e-flex elementor-invisible e-con e-child\" data-id=\"0f7b069\" data-element_type=\"container\" data-e-type=\"container\" data-settings=\"{&quot;animation&quot;:&quot;fadeInUp&quot;,&quot;animation_delay&quot;:100}\">\n\t\t<div class=\"elementor-element elementor-element-f5e41c9 e-con-full e-flex e-con e-child\" data-id=\"f5e41c9\" data-element_type=\"container\" data-e-type=\"container\">\n\t\t\t\t<div class=\"elementor-element elementor-element-4929616 elementor-widget__width-initial elementor-widget elementor-widget-image-box\" data-id=\"4929616\" data-element_type=\"widget\" data-e-type=\"widget\" data-widget_type=\"image-box.default\">\n\t\t\t\t<div class=\"elementor-widget-container\">\n\t\t\t\t\t<div class=\"elementor-image-box-wrapper\"><div class=\"elementor-image-box-content\"><h3 class=\"elementor-image-box-title\">Castillo Black<\/h3><p class=\"elementor-image-box-description\">Exclusivo para armar con decoraciones de H\u00e9roes, Spiderman, Merlina, F\u00fatbol, Stranger Things, Etc.<br>\n\n-Capacidad para 8 ni\u00f1os <br>-Medidas 4x6 siempre tener un poco mas de espacio<\/p><\/div><\/div>\t\t\t\t<\/div>\n\t\t\t\t<\/div>\n\t\t\t\t<\/div>\n\t\t<div class=\"elementor-element elementor-element-e2a860b e-con-full e-flex e-con e-child\" data-id=\"e2a860b\" data-element_type=\"container\" data-e-type=\"container\">\n\t\t\t\t<div class=\"elementor-element elementor-element-57d2d5f elementor-widget elementor-widget-image\" data-id=\"57d2d5f\" data-element_type=\"widget\" data-e-type=\"widget\" data-widget_type=\"image.default\">\n\t\t\t\t<div class=\"elementor-widget-container\">\n\t\t\t\t\t\t\t\t\t\t\t\t\t\t\t<img loading=\"lazy\" decoding=\"async\" width=\"1024\" height=\"677\" src=\"https:\/\/paraeventos.com.ar\/wp-content\/uploads\/2024\/03\/4c7c60fa-5492-437e-bbe9-b21c2451f286-1024x677.jpeg\" class=\"attachment-large size-large wp-image-646\" alt=\"\" srcset=\"https:\/\/paraeventos.com.ar\/wp-content\/uploads\/2024\/03\/4c7c60fa-5492-437e-bbe9-b21c2451f286-1024x677.jpeg 1024w, https:\/\/paraeventos.com.ar\/wp-content\/uploads\/2024\/03\/4c7c60fa-5492-437e-bbe9-b21c2451f286-300x198.jpeg 300w, https:\/\/paraeventos.com.ar\/wp-content\/uploads\/2024\/03\/4c7c60fa-5492-437e-bbe9-b21c2451f286-768x508.jpeg 768w, https:\/\/paraeventos.com.ar\/wp-content\/uploads\/2024\/03\/4c7c60fa-5492-437e-bbe9-b21c2451f286.jpeg 1055w\" sizes=\"(max-width: 1024px) 100vw, 1024px\" \/>\t\t\t\t\t\t\t\t\t\t\t\t\t\t\t<\/div>\n\t\t\t\t<\/div>\n\t\t\t\t<\/div>\n\t\t\t\t<\/div>\n\t\t\t\t\t<\/div>\n\t\t\t\t<\/div>\n\t\t\t\t<\/div>\n\t\t","protected":false},"excerpt":{"rendered":"<p>https:\/\/paraeventos.com.ar\/wp-content\/uploads\/2024\/01\/WhatsApp-Video-2024-01-17-at-20.03.08.mp4 Burbuja Un estilo diferente. Su dise\u00f1o brinda un estilo \u00fanico en tu evento. -Globos que circulan vuelan en tu<\/p>\n","protected":false},"author":1,"featured_media":0,"parent":0,"menu_order":0,"comment_status":"closed","ping_status":"closed","template":"","meta":{"_joinchat":[],"footnotes":""},"class_list":["post-203","page","type-page","status-publish","hentry"],"_links":{"self":[{"href":"https:\/\/paraeventos.com.ar\/index.php\/wp-json\/wp\/v2\/pages\/203","targetHints":{"allow":["GET"]}}],"collection":[{"href":"https:\/\/paraeventos.com.ar\/index.php\/wp-json\/wp\/v2\/pages"}],"about":[{"href":"https:\/\/paraeventos.com.ar\/index.php\/wp-json\/wp\/v2\/types\/page"}],"author":[{"embeddable":true,"href":"https:\/\/paraeventos.com.ar\/index.php\/wp-json\/wp\/v2\/users\/1"}],"replies":[{"embeddable":true,"href":"https:\/\/paraeventos.com.ar\/index.php\/wp-json\/wp\/v2\/comments?post=203"}],"version-history":[{"count":40,"href":"https:\/\/paraeventos.com.ar\/index.php\/wp-json\/wp\/v2\/pages\/203\/revisions"}],"predecessor-version":[{"id":1057,"href":"https:\/\/paraeventos.com.ar\/index.php\/wp-json\/wp\/v2\/pages\/203\/revisions\/1057"}],"wp:attachment":[{"href":"https:\/\/paraeventos.com.ar\/index.php\/wp-json\/wp\/v2\/media?parent=203"}],"curies":[{"name":"wp","href":"https:\/\/api.w.org\/{rel}","templated":true}]}}