{"id":242,"date":"2024-01-18T18:33:17","date_gmt":"2024-01-18T21:33:17","guid":{"rendered":"https:\/\/paraeventos.com.ar\/?page_id=242"},"modified":"2025-04-05T17:03:32","modified_gmt":"2025-04-05T20:03:32","slug":"peloteros","status":"publish","type":"page","link":"https:\/\/paraeventos.com.ar\/index.php\/peloteros\/","title":{"rendered":"Peloteros"},"content":{"rendered":"\t\t<div data-elementor-type=\"wp-page\" data-elementor-id=\"242\" class=\"elementor elementor-242\" data-elementor-post-type=\"page\">\n\t\t\t\t<div class=\"elementor-element elementor-element-416957e e-con-full e-flex elementor-invisible e-con e-parent\" data-id=\"416957e\" data-element_type=\"container\" data-e-type=\"container\" data-settings=\"{&quot;animation&quot;:&quot;fadeInUp&quot;,&quot;animation_delay&quot;:100,&quot;background_background&quot;:&quot;classic&quot;}\">\n\t\t<div class=\"elementor-element elementor-element-11aa00f e-con-full e-flex e-con e-child\" data-id=\"11aa00f\" data-element_type=\"container\" data-e-type=\"container\">\n\t\t\t\t<div class=\"elementor-element elementor-element-f50011d elementor-widget elementor-widget-image\" data-id=\"f50011d\" data-element_type=\"widget\" data-e-type=\"widget\" data-widget_type=\"image.default\">\n\t\t\t\t<div class=\"elementor-widget-container\">\n\t\t\t\t\t\t\t\t\t\t\t\t\t\t\t<img fetchpriority=\"high\" decoding=\"async\" width=\"948\" height=\"725\" src=\"https:\/\/paraeventos.com.ar\/wp-content\/uploads\/2024\/03\/c259b942-90c3-4cb9-8055-1cad7bf0a5a5.jpeg\" class=\"attachment-large size-large wp-image-666\" alt=\"\" srcset=\"https:\/\/paraeventos.com.ar\/wp-content\/uploads\/2024\/03\/c259b942-90c3-4cb9-8055-1cad7bf0a5a5.jpeg 948w, https:\/\/paraeventos.com.ar\/wp-content\/uploads\/2024\/03\/c259b942-90c3-4cb9-8055-1cad7bf0a5a5-300x229.jpeg 300w, https:\/\/paraeventos.com.ar\/wp-content\/uploads\/2024\/03\/c259b942-90c3-4cb9-8055-1cad7bf0a5a5-768x587.jpeg 768w\" sizes=\"(max-width: 948px) 100vw, 948px\" \/>\t\t\t\t\t\t\t\t\t\t\t\t\t\t\t<\/div>\n\t\t\t\t<\/div>\n\t\t\t\t<\/div>\n\t\t<div class=\"elementor-element elementor-element-4bafa81 e-con-full e-flex e-con e-child\" data-id=\"4bafa81\" data-element_type=\"container\" data-e-type=\"container\">\n\t\t\t\t<div class=\"elementor-element elementor-element-dcef2d0 elementor-widget elementor-widget-image-box\" data-id=\"dcef2d0\" data-element_type=\"widget\" data-e-type=\"widget\" data-widget_type=\"image-box.default\">\n\t\t\t\t<div class=\"elementor-widget-container\">\n\t\t\t\t\t<div class=\"elementor-image-box-wrapper\"><div class=\"elementor-image-box-content\"><h3 class=\"elementor-image-box-title\">Pelotero Gigante<\/h3><p class=\"elementor-image-box-description\">Incluyen 5000 pelotas para disfrutar al m\u00e1ximo<br>\n-Capacidad  8 ni\u00f1os<br>-Edad recomendada  hasta 8 a\u00f1os <\/p><\/div><\/div>\t\t\t\t<\/div>\n\t\t\t\t<\/div>\n\t\t\t\t<\/div>\n\t\t\t\t<\/div>\n\t\t<div class=\"elementor-element elementor-element-8897be6 e-flex e-con-boxed elementor-invisible e-con e-parent\" data-id=\"8897be6\" data-element_type=\"container\" data-e-type=\"container\" data-settings=\"{&quot;animation&quot;:&quot;fadeInUp&quot;,&quot;animation_delay&quot;:100,&quot;background_background&quot;:&quot;video&quot;}\">\n\t\t\t\t\t<div class=\"e-con-inner\">\n\t\t<div class=\"elementor-element elementor-element-2b19074 e-con-full e-flex e-con e-child\" data-id=\"2b19074\" data-element_type=\"container\" data-e-type=\"container\">\n\t\t\t\t<div class=\"elementor-element elementor-element-1a3f02f elementor-widget elementor-widget-image-box\" data-id=\"1a3f02f\" data-element_type=\"widget\" data-e-type=\"widget\" data-widget_type=\"image-box.default\">\n\t\t\t\t<div class=\"elementor-widget-container\">\n\t\t\t\t\t<div class=\"elementor-image-box-wrapper\"><div class=\"elementor-image-box-content\"><h3 class=\"elementor-image-box-title\">Pelotero Grande<\/h3><p class=\"elementor-image-box-description\">2200 pelotas para que disfruten tus peques<br>\n-Capacidad 5 ni\u00f1os <br>\n-Edad recomendad hasta 6 a\u00f1os<\/p><\/div><\/div>\t\t\t\t<\/div>\n\t\t\t\t<\/div>\n\t\t\t\t<\/div>\n\t\t<div class=\"elementor-element elementor-element-fb19327 e-con-full e-flex e-con e-child\" data-id=\"fb19327\" data-element_type=\"container\" data-e-type=\"container\">\n\t\t\t\t<div class=\"elementor-element elementor-element-b98d262 elementor-widget elementor-widget-image\" data-id=\"b98d262\" data-element_type=\"widget\" data-e-type=\"widget\" data-widget_type=\"image.default\">\n\t\t\t\t<div class=\"elementor-widget-container\">\n\t\t\t\t\t\t\t\t\t\t\t\t\t\t\t<img decoding=\"async\" width=\"881\" height=\"458\" src=\"https:\/\/paraeventos.com.ar\/wp-content\/uploads\/2024\/03\/cdd6d106-c981-48e4-9822-0670fcb2bc56.jpeg\" class=\"attachment-large size-large wp-image-667\" alt=\"\" srcset=\"https:\/\/paraeventos.com.ar\/wp-content\/uploads\/2024\/03\/cdd6d106-c981-48e4-9822-0670fcb2bc56.jpeg 881w, https:\/\/paraeventos.com.ar\/wp-content\/uploads\/2024\/03\/cdd6d106-c981-48e4-9822-0670fcb2bc56-300x156.jpeg 300w, https:\/\/paraeventos.com.ar\/wp-content\/uploads\/2024\/03\/cdd6d106-c981-48e4-9822-0670fcb2bc56-768x399.jpeg 768w\" sizes=\"(max-width: 881px) 100vw, 881px\" \/>\t\t\t\t\t\t\t\t\t\t\t\t\t\t\t<\/div>\n\t\t\t\t<\/div>\n\t\t\t\t<\/div>\n\t\t\t\t\t<\/div>\n\t\t\t\t<\/div>\n\t\t<div class=\"elementor-element elementor-element-a5d5e74 e-con-full e-flex elementor-invisible e-con e-parent\" data-id=\"a5d5e74\" data-element_type=\"container\" data-e-type=\"container\" data-settings=\"{&quot;animation&quot;:&quot;fadeInUp&quot;,&quot;animation_delay&quot;:100,&quot;background_background&quot;:&quot;classic&quot;}\">\n\t\t<div class=\"elementor-element elementor-element-6b755cd e-con-full e-flex e-con e-child\" data-id=\"6b755cd\" data-element_type=\"container\" data-e-type=\"container\">\n\t\t\t\t<div class=\"elementor-element elementor-element-d15c1a3 elementor-widget elementor-widget-image\" data-id=\"d15c1a3\" data-element_type=\"widget\" data-e-type=\"widget\" data-widget_type=\"image.default\">\n\t\t\t\t<div class=\"elementor-widget-container\">\n\t\t\t\t\t\t\t\t\t\t\t\t\t\t\t<img decoding=\"async\" width=\"1024\" height=\"768\" src=\"https:\/\/paraeventos.com.ar\/wp-content\/uploads\/2024\/03\/Imagen-de-WhatsApp-2024-03-17-a-las-12.05.31_888b8449-1024x768.jpg\" class=\"attachment-large size-large wp-image-611\" alt=\"\" srcset=\"https:\/\/paraeventos.com.ar\/wp-content\/uploads\/2024\/03\/Imagen-de-WhatsApp-2024-03-17-a-las-12.05.31_888b8449-1024x768.jpg 1024w, https:\/\/paraeventos.com.ar\/wp-content\/uploads\/2024\/03\/Imagen-de-WhatsApp-2024-03-17-a-las-12.05.31_888b8449-300x225.jpg 300w, https:\/\/paraeventos.com.ar\/wp-content\/uploads\/2024\/03\/Imagen-de-WhatsApp-2024-03-17-a-las-12.05.31_888b8449-768x576.jpg 768w, https:\/\/paraeventos.com.ar\/wp-content\/uploads\/2024\/03\/Imagen-de-WhatsApp-2024-03-17-a-las-12.05.31_888b8449.jpg 1280w\" sizes=\"(max-width: 1024px) 100vw, 1024px\" \/>\t\t\t\t\t\t\t\t\t\t\t\t\t\t\t<\/div>\n\t\t\t\t<\/div>\n\t\t\t\t<\/div>\n\t\t<div class=\"elementor-element elementor-element-140e9d5 e-con-full e-flex e-con e-child\" data-id=\"140e9d5\" data-element_type=\"container\" data-e-type=\"container\">\n\t\t\t\t<div class=\"elementor-element elementor-element-354185e elementor-widget elementor-widget-image-box\" data-id=\"354185e\" data-element_type=\"widget\" data-e-type=\"widget\" data-widget_type=\"image-box.default\">\n\t\t\t\t<div class=\"elementor-widget-container\">\n\t\t\t\t\t<div class=\"elementor-image-box-wrapper\"><div class=\"elementor-image-box-content\"><h3 class=\"elementor-image-box-title\">Pelotero Peque\u00f1o<\/h3><p class=\"elementor-image-box-description\">Incluyen 800 pelotitas, ideal para bautismos y cumples de bebes.<br>\n-Capacidad  3 ni\u00f1os<br>-Edad recomendada  hasta 4 a\u00f1os <\/p><\/div><\/div>\t\t\t\t<\/div>\n\t\t\t\t<\/div>\n\t\t\t\t<\/div>\n\t\t\t\t<\/div>\n\t\t<div class=\"elementor-element elementor-element-be8ae1f e-con-full e-flex elementor-invisible e-con e-parent\" data-id=\"be8ae1f\" data-element_type=\"container\" data-e-type=\"container\" data-settings=\"{&quot;animation&quot;:&quot;fadeInUp&quot;,&quot;animation_delay&quot;:100,&quot;background_background&quot;:&quot;classic&quot;}\">\n\t\t<div class=\"elementor-element elementor-element-967d536 e-con-full e-flex e-con e-child\" data-id=\"967d536\" data-element_type=\"container\" data-e-type=\"container\">\n\t\t\t\t<div class=\"elementor-element elementor-element-24db651 elementor-widget elementor-widget-image-box\" data-id=\"24db651\" data-element_type=\"widget\" data-e-type=\"widget\" data-widget_type=\"image-box.default\">\n\t\t\t\t<div class=\"elementor-widget-container\">\n\t\t\t\t\t<div class=\"elementor-image-box-wrapper\"><div class=\"elementor-image-box-content\"><h3 class=\"elementor-image-box-title\">Pelotero inflable <\/h3><p class=\"elementor-image-box-description\">Incluyen 800 pelotitas, ideal para bautismos y cumples de bebes.<br>\n-Capacidad  4 ni\u00f1os<br>-Edad recomendada  hasta 6 a\u00f1os <\/p><\/div><\/div>\t\t\t\t<\/div>\n\t\t\t\t<\/div>\n\t\t\t\t<\/div>\n\t\t<div class=\"elementor-element elementor-element-b7dfb53 e-con-full e-flex e-con e-child\" data-id=\"b7dfb53\" data-element_type=\"container\" data-e-type=\"container\">\n\t\t\t\t<div class=\"elementor-element elementor-element-be25f32 elementor-widget elementor-widget-image\" data-id=\"be25f32\" data-element_type=\"widget\" data-e-type=\"widget\" data-widget_type=\"image.default\">\n\t\t\t\t<div class=\"elementor-widget-container\">\n\t\t\t\t\t\t\t\t\t\t\t\t\t\t\t<img loading=\"lazy\" decoding=\"async\" width=\"1024\" height=\"577\" src=\"https:\/\/paraeventos.com.ar\/wp-content\/uploads\/2025\/04\/8d60305a-7825-4655-a8db-6e24cc260a8f-1024x577.jpeg\" class=\"attachment-large size-large wp-image-845\" alt=\"\" srcset=\"https:\/\/paraeventos.com.ar\/wp-content\/uploads\/2025\/04\/8d60305a-7825-4655-a8db-6e24cc260a8f-1024x577.jpeg 1024w, https:\/\/paraeventos.com.ar\/wp-content\/uploads\/2025\/04\/8d60305a-7825-4655-a8db-6e24cc260a8f-300x169.jpeg 300w, https:\/\/paraeventos.com.ar\/wp-content\/uploads\/2025\/04\/8d60305a-7825-4655-a8db-6e24cc260a8f-768x432.jpeg 768w, https:\/\/paraeventos.com.ar\/wp-content\/uploads\/2025\/04\/8d60305a-7825-4655-a8db-6e24cc260a8f-1536x865.jpeg 1536w, https:\/\/paraeventos.com.ar\/wp-content\/uploads\/2025\/04\/8d60305a-7825-4655-a8db-6e24cc260a8f.jpeg 1600w\" sizes=\"(max-width: 1024px) 100vw, 1024px\" \/>\t\t\t\t\t\t\t\t\t\t\t\t\t\t\t<\/div>\n\t\t\t\t<\/div>\n\t\t\t\t<\/div>\n\t\t\t\t<\/div>\n\t\t\t\t<\/div>\n\t\t","protected":false},"excerpt":{"rendered":"<p>Pelotero Gigante Incluyen 5000 pelotas para disfrutar al m\u00e1ximo -Capacidad 8 ni\u00f1os-Edad recomendada hasta 8 a\u00f1os Pelotero Grande 2200 pelotas<\/p>\n","protected":false},"author":1,"featured_media":0,"parent":0,"menu_order":0,"comment_status":"closed","ping_status":"closed","template":"","meta":{"_joinchat":[],"footnotes":""},"class_list":["post-242","page","type-page","status-publish","hentry"],"_links":{"self":[{"href":"https:\/\/paraeventos.com.ar\/index.php\/wp-json\/wp\/v2\/pages\/242","targetHints":{"allow":["GET"]}}],"collection":[{"href":"https:\/\/paraeventos.com.ar\/index.php\/wp-json\/wp\/v2\/pages"}],"about":[{"href":"https:\/\/paraeventos.com.ar\/index.php\/wp-json\/wp\/v2\/types\/page"}],"author":[{"embeddable":true,"href":"https:\/\/paraeventos.com.ar\/index.php\/wp-json\/wp\/v2\/users\/1"}],"replies":[{"embeddable":true,"href":"https:\/\/paraeventos.com.ar\/index.php\/wp-json\/wp\/v2\/comments?post=242"}],"version-history":[{"count":37,"href":"https:\/\/paraeventos.com.ar\/index.php\/wp-json\/wp\/v2\/pages\/242\/revisions"}],"predecessor-version":[{"id":849,"href":"https:\/\/paraeventos.com.ar\/index.php\/wp-json\/wp\/v2\/pages\/242\/revisions\/849"}],"wp:attachment":[{"href":"https:\/\/paraeventos.com.ar\/index.php\/wp-json\/wp\/v2\/media?parent=242"}],"curies":[{"name":"wp","href":"https:\/\/api.w.org\/{rel}","templated":true}]}}